 = -v + 2 - g + 3 - v**2 - 1. Calculate r(2).
-4
Let l(y) = -17*y + 32*y + y**3 - 16*y - 1. Give l(0).
-1
Let o = -8 + 5. Let i(h) be the second derivative of h**7/2520 + h**6/144 + h**5/40 + h**4/6 + h. Let v(c) be the third derivative of i(c). What is v(o)?
-3
Let k(o) = -2*o + 8. Let c(f) = 4*f - 6. Let i be c(3). What is k(i)?
-4
Suppose -5*t + 3 = 3*x, -2*t - 2 = 2*x - 0. Let w(m) be the second derivative of m**3/6 - m**2 - m. Determine w(x).
-6
Let k(b) = b**3 - 6*b**2 + 5*b + 1. Let i(o) = o**2 + 4*o - 7. Let d be i(-6). Determine k(d).
1
Let a(k) = k + 9. Let u be a(-8). Let d(i) = 10*i**3 - i**2 + 2*i - 1. What is d(u)?
10
Suppose -5*o - 12 = -8*o. Let r(m) = -m**2 + 7*m. Let z(p) = p**2 - 6*p. Let n(h) = 2*h - 3. Let u be n(3). Let x(q) = o*z(q) + u*r(q). Give x(4).
4
Let a = 8 + -4. Let k(r) = -r - 4. Let f(q) = -3*q - 11. Let s(c) = 3*f(c) - 8*k(c). Calculate s(a).
-5
Let n(z) be the second derivative of 7*z**6/180 - 5*z**3/3 + 9*z. Let a(s) be the second derivative of n(s). Suppose 0 - 4 = 4*b. Determine a(b).
14
Let r(t) = t**3 - 2*t**2 - 4*t + 4. Suppose -2*k - 7 = v - 3, k + 20 = 4*v. Suppose -5*c + 4*y + 35 = 0, -15 = v*y - y. What is r(c)?
1
Let y(z) = 23*z**3 - 3*z**2 - 9*z + 2. Let m(n) = -11*n**3 + n**2 + 4*n - 1. Let p(b) = 5*m(b) + 2*y(b). Give p(1).
-9
Let i(d) = d + 5. Let o be i(-6). Let b = 0 + o. Let u(z) = z - 1. Let t(x) = -11*x + 2. Let f(a) = -t(a) - 3*u(a). Give f(b).
-7
Let x(k) = -29*k + 28*k + 2 - 3. Give x(-9).
8
Let f = 62 + -64. Let m(d) = -6*d. Determine m(f).
12
Let x(k) be the third derivative of -k**5/120 - k**4/6 + k**3/2 - k**2. Let r(g) be the first derivative of x(g). Give r(0).
-4
Let l(r) be the first derivative of r**4/4 - 5*r**3/3 + 7*r**2/2 - 5*r - 6. What is l(4)?
7
Let h(i) = 11*i + i**2 + 5 - 14*i + 3*i. Let o be 2/6 - 33/(-9). Let a = o - 4. Determine h(a).
5
Let r(a) = -a**2 + 9*a - 1. Let p be r(10). Let q(g) = g + 11. Give q(p).
0
Let s = 0 + 0. Let v(a) be the first derivative of a**3/3 - a**2/2 + 2*a - 19. Let m be v(s). Let i(l) = -l**3 + l**2 - 2. Calculate i(m).
-6
Let c = -2 + 1. Let w(a) = a**2 + a + 1. Calculate w(c).
1
Let x(r) = r**3 - 7*r**2 + 5*r - 3. Suppose 7 + 77 = q. Let t be q/(-49)*7/(-2). Determine x(t).
-9
Let n(j) = j**3 + j**2 + 8. Let d be n(0). Let h = -3 + d. Suppose 0 = h*g - 3*g. Let w(f) = f**3 - f**2 + f - 8. Calculate w(g).
-8
Let w be 2*(-5)/(10/2). Let a(p) = -p**3 - p**2 + 2. Determine a(w).
6
Let s = 17/24 + -5/8. Let g(l) be the second derivative of 1/2*l**2 - s*l**4 + 0 + 0*l**3 + 3*l. Determine g(1).
0
Suppose -3*t + 0 = -69. Suppose -3*k + t = -2*s, -k + 2*k + 3 = -2*s. Let x(i) = -i**3 - 3*i**2 - 3. Determine x(s).
13
Let i(t) = 5*t**3 + 11*t**2 + 9*t - 2. Let o(j) = -3*j**3 - 7*j**2 - 6*j + 1. Let k(q) = -5*i(q) - 8*o(q). Let a be -2 - (3/1 - 3). Give k(a).
8
Suppose 3*k - 2*t = 2*k - 7, 2*t - 5 = 3*k. Let d(o) = -k - 3*o**2 + 2 - 3*o + 2*o**2. Let s(c) = c**2 + 2*c. Let l(b) = 2*d(b) + 3*s(b). What is l(2)?
6
Let l(z) be the second derivative of z**3/6 - 6*z**2 - z. Let w = 72 + -67. Calculate l(w).
-7
Suppose -j + 4 = 3*u, 4*u + j = 2*j - 4. Suppose 0*w + 10 = 5*w. Let z(c) = -3 + 9 + 4*c**2 - 2*c**w - c**2. Give z(u).
6
Let b(k) = -39*k + 17*k + 18*k. Calculate b(-1).
4
Suppose -5*p + 10 = -0*p. Suppose -2*v - p = d + 1, d + 1 = -v. Let k(c) = 3*c**2 + 5*c + 2*c**2 - 6*c**2 + 2*c**2 + d. What is k(-4)?
-3
Let y(c) be the second derivative of -c**4/12 - 5*c**3/6 - c**2 + 17*c. Determine y(-3).
4
Let w(n) = -n**2 - 7*n - 4. Suppose -3*m = -5*m - 8. Give w(m).
8
Let z(t) = -2*t + 2. Suppose -2*s + 16 = -2*i, -4*s + 2*i = -s - 20. Let p be ((-63)/6)/((-3)/4). Suppose p + 2 = s*k. Give z(k).
-6
Let r be 32/(-24) + (-4)/6. Let x(z) = -z**2 + 3*z + 3. What is x(r)?
-7
Suppose 2*d = k + 7, k - 2*k - 19 = -5*d. Suppose 7 - 3 = 2*f. Let w(i) = -i**2 - 1 - f + 1 + 5*i. What is w(d)?
2
Let l(x) = 22*x**2 - 43*x**2 + 19*x**2. Give l(-2).
-8
Let k be -1*(0 + (-3)/3). Let w(f) = 3*f - 1. Give w(k).
2
Let o(w) = -8*w**2 - 10 - 7*w**2 + 11 - 8*w**2. What is o(1)?
-22
Let p = 10 + 4. Suppose b - p = -2*i - 2, 0 = 5*b + i - 15. Let q(r) = r + 0*r**3 + r**3 + 0*r + r**b. Give q(-1).
-1
Let m(g) = -13*g**2 + 1 + 38*g**2 - 14*g**2 - 10*g**2. What is m(0)?
1
Let s be 8*(-3)/30*10/4. Let r(b) = -b**3 + b**2 - b + 1. What is r(s)?
15
Let d(x) = -x + 11. Let z be d(6). Suppose 5 = -z*s - 0. Let p(h) be the third derivative of -h**6/120 - h**5/60 - h**4/24 + 3*h**2. Calculate p(s).
1
Let d(u) = u + 6. Suppose 0 - 18 = 3*n + o, o = 5*n + 22. Determine d(n).
1
Let p(d) be the second derivative of 2*d**3/3 + d**2 + 6*d. Calculate p(2).
10
Let x(k) be the second derivative of -k**4/12 + 2*k**3/3 + 3*k**2 + 2*k. Suppose 0*p + 2*p - 22 = -4*r, 5*r = -p + 26. Let w be -1*(-4 + -2 + p). What is x(w)?
1
Let t be (1/(-7))/(84/(-294)). Let z(h) be the second derivative of 2*h + 0 + t*h**2 + 1/6*h**3. Calculate z(6).
7
Suppose 2*n + 25 = -5*h - n, 0 = 2*h - 4*n + 36. Let t = h - -11. Let v(x) be the first derivative of x**3/3 - x**2 - 4*x + 30. Calculate v(t).
-1
Let d(l) = -2*l + 1. Suppose 4*v - 1 = 11. Calculate d(v).
-5
Let b(m) = 15 - 2 - 2 - 10 - m. Give b(7).
-6
Let r be -3 + 3 + -3 - -3. Suppose 12 = -r*v + 2*v. Let c(y) = -y**2 + 7*y - 3. Calculate c(v).
3
Let a be (-2)/(-13) - 0 - (-12)/(-78). Let m(i) = i**2 + i - 7. What is m(a)?
-7
Let g(a) = 2*a - 2. Let z(b) = -2*b + 2. Let u(i) = 5*g(i) + 4*z(i). Give u(-3).
-8
Let n(m) = m**3 + 4*m**2 - 2*m - 6. Let q be n(-4). Let k(i) = 0*i**2 + 5*i - q*i**2 + 0 + 2. Determine k(4).
-10
Let g(k) = -4*k + 2. Let q = -34 - -37. Calculate g(q).
-10
Let c = 75 + -71. Let h(k) = -k**2 + 5*k + 2. What is h(c)?
6
Suppose -4*w + 7 = -5. Let c(n) = w*n + 2 - 8*n + 2*n**2 - n**2. Give c(2).
-4
Let g(o) = -20*o. Suppose -15 + 0 = 15*h. Give g(h).
20
Let p(o) = 4*o + 27*o**2 - 26*o**2 + 3*o - 4 + 2. Give p(-6).
-8
Let f(z) be the third derivative of z**4/12 + 3*z**3/2 - 8*z**2. What is f(-6)?
-3
Let h(x) = x**3 - 9*x**2 + 8*x - 9. Let k = 12 - 4. Calculate h(k).
-9
Let x(h) = 3 - 4*h + 0 + 3*h. Suppose 2*u - 4*u = 0. Suppose u = -4*m + 9 + 3. Determine x(m).
0
Suppose -3 = 13*q - 12*q. Let w(r) = r**3 + 2*r**2 - 5*r - 3. Give w(q).
3
Let c(v) = v**2 + 6*v - 1. Let k(u) = -3*u - 12. Let p be k(-2). Calculate c(p).
-1
Let w(y) = -y**3 + 2*y**2 - 2*y + 2. Let r be w(2). Let z be 1 + 5 - (2 + r). Let d be 28/(-12) - 4/z. Let o(s) = 2*s - 2. What is o(d)?
-8
Let o(n) be the first derivative of -n**6/120 + 7*n**5/60 - n**4/6 - 7*n**3/6 + 2*n**2 - 1. Let k(p) be the second derivative of o(p). Calculate k(6).
5
Let b(o) be the first derivative of 10*o**3/3 - o**2 + o - 14. Determine b(1).
9
Let d(t) be the third derivative of t**7/1680 - t**6/120 - t**5/60 - 5*t**2. Let w(m) be the third derivative of d(m). Determine w(6).
12
Let a(s) = 7*s**2 - 2*s - 7. Let f(q) = -15*q**2 + 4*q + 15. Let l(k) = -13*a(k) - 6*f(k). Give l(4).
-7
Let l = -9 + 13. Let u(z) = -z**2 + 4*z - 4. Determine u(l).
-4
Let o(j) = -j**3 + 3*j**2 + 4*j - 2. Suppose 0 - 8 = -2*u. Let s = 0 + u. What is o(s)?
-2
Let r = 7 + -15. Let x be r/(-5) + 4/10. Let t(k) = -k + 3 - k**x + 2*k**2 - 7. Determine t(4).
8
Let m(p) be the second derivative of -3/2*p**2 + 1/20*p**5 - 1/4*p**4 - 1/3*p**3 + 0 + p. Give m(4).
5
Let z(m) be the third derivative of m**4/12 - m**3/2 - m**2. Let i be z(4). Let d(r) be the first derivative of r**3/3 - 7*r**2/2 + 4*r - 6. Determine d(i).
-6
Suppose -2 = 2*u - 6. Suppose 6*z = u*z + 24. Let v(g) = g - 7. Calculate v(z).
-1
Let w(b) = 2*b. Suppose -z = -4*o + o + 3, -5*z - 4*o - 91 = 0. Let t be (-1)/(9/z)*3. Give w(t).
10
Let o(s) be the third derivative of s**5/60 + s**4/24 - 7*s**3/6 + 66*s**2. Determine o(-5).
13
Suppose 0*n - 3*n + 12 = 3*r, 4*n + 2*r - 8 = 0. Let g be -2 - (1*-5 + n). Let u(d) = -d**g - d - d**2 - 7 + 1 + 2*d**2. Determine u(0).
-6
Let y be -8 + -2 - (-4 - -4). Let q = y - -5. Let b(h) be the third derivative of -h**5/60 - 5*h**4/24 + 7*h**3/6 + 13*h**2. Determine b(q).
7
Let j(f) = -f**3 - 3*f**2 + 3*f + 3. Suppose -10 = -4*a - 22. Determine j(a).
-6
Let b(c) = -10 + 58*c - 4 - 59*c. Calculate b(-6).
-8
Let m(f) = -6*f - 1. Let v(o) = o - 8. Let c be v(7). Calculate m(c).
5
Let h(n) = 2*n - 1. Let s(p) = 4*p**2 - 5*p + 6. Let b(